 the prime factors of 13640?
2, 5, 11, 31
List the prime factors of 11701.
11701
List the prime factors of 2910.
2, 3, 5, 97
What are the prime factors of 1244?
2, 311
What are the prime factors of 38539?
17, 2267
List the prime factors of 52632.
2, 3, 17, 43
What are the prime factors of 5690?
2, 5, 569
What are the prime factors of 679?
7, 97
List the prime factors of 63549.
3, 23, 307
List the prime factors of 8184.
2, 3, 11, 31
List the prime factors of 2600.
2, 5, 13
List the prime factors of 1452.
2, 3, 11
List the prime factors of 3692.
2, 13, 71
What are the prime factors of 3171?
3, 7, 151
List the prime factors of 964.
2, 241
What are the prime factors of 73701?
3, 19, 431
What are the prime factors of 1824?
2, 3, 19
List the prime factors of 34562.
2, 11, 1571
What are the prime factors of 44724?
2, 3, 3727
List the prime factors of 2881.
43, 67
What are the prime factors of 1410?
2, 3, 5, 47
What are the prime factors of 1021?
1021
What are the prime factors of 2915?
5, 11, 53
List the prime factors of 39696.
2, 3, 827
List the prime factors of 4429.
43, 103
What are the prime factors of 11198?
2, 11, 509
What are the prime factors of 15223?
13, 1171
What are the prime factors of 5574?
2, 3, 929
List the prime factors of 25665.
3, 5, 29, 59
List the prime factors of 53392.
2, 47, 71
What are the prime factors of 910?
2, 5, 7, 13
What are the prime factors of 560?
2, 5, 7
List the prime factors of 12628.
2, 7, 11, 41
List the prime factors of 1084.
2, 271
What are the prime factors of 482?
2, 241
What are the prime factors of 48474?
2, 3, 2693
What are the prime factors of 2440?
2, 5, 61
List the prime factors of 4134.
2, 3, 13, 53
List the prime factors of 46383.
3, 15461
What are the prime factors of 11634?
2, 3, 7, 277
What are the prime factors of 134687?
7, 71, 271
What are the prime factors of 9942?
2, 3, 1657
List the prime factors of 2306.
2, 1153
List the prime factors of 5615.
5, 1123
What are the prime factors of 42404?
2, 10601
List the prime factors of 11650.
2, 5, 233
What are the prime factors of 28704?
2, 3, 13, 23
What are the prime factors of 901?
17, 53
List the prime factors of 7300.
2, 5, 73
List the prime factors of 19706.
2, 59, 167
List the prime factors of 1922.
2, 31
List the prime factors of 36690.
2, 3, 5, 1223
List the prime factors of 5490.
2, 3, 5, 61
What are the prime factors of 22737?
3, 11, 13, 53
What are the prime factors of 496?
2, 31
List the prime factors of 25696.
2, 11, 73
What are the prime factors of 15141?
3, 7, 103
List the prime factors of 16639.
7, 2377
What are the prime factors of 72913?
17, 4289
List the prime factors of 7003.
47, 149
What are the prime factors of 56203?
7, 31, 37
What are the prime factors of 7353?
3, 19, 43
List the prime factors of 3200.
2, 5
List the prime factors of 34247.
23, 1489
List the prime factors of 122184.
2, 3, 1697
What are the prime factors of 1964?
2, 491
List the prime factors of 1050.
2, 3, 5, 7
What are the prime factors of 91214?
2, 59, 773
What are the prime factors of 20141?
11, 1831
What are the prime factors of 24024?
2, 3, 7, 11, 13
List the prime factors of 96899.
11, 23, 383
List the prime factors of 2150.
2, 5, 43
List the prime factors of 8927.
79, 113
List the prime factors of 19609.
19609
List the prime factors of 77906.
2, 38953
List the prime factors of 96996.
2, 3, 59, 137
What are the prime factors of 1073?
29, 37
List the prime factors of 123518.
2, 151, 409
List the prime factors of 16302.
2, 3, 11, 13, 19
List the prime factors of 1027.
13, 79
List the prime factors of 259.
7, 37
What are the prime factors of 1066?
2, 13, 41
List the prime factors of 10012.
2, 2503
List the prime factors of 10392.
2, 3, 433
What are the prime factors of 23589?
3, 2621
What are the prime factors of 5873?
7, 839
What are the prime factors of 310?
2, 5, 31
List the prime factors of 4045.
5, 809
What are the prime factors of 1594?
2, 797
What are the prime factors of 11014?
2, 5507
What are the prime factors of 27467?
11, 227
What are the prime factors of 648?
2, 3
List the prime factors of 36172.
2, 9043
List the prime factors of 909.
3, 101
What are the prime factors of 4351?
19, 229
List the prime factors of 48534.
2, 3, 8089
List the prime factors of 60851.
7, 8693
What are the prime factors of 290?
2, 5, 29
What are the prime factors of 3278?
2, 11, 149
What are the prime factors of 24390?
2, 3, 5, 271
List the prime factors of 3215.
5, 643
List the prime factors of 31281.
3, 10427
What are the prime factors of 3450?
2, 3, 5, 23
List the prime factors of 10879.
11, 23, 43
List the prime factors of 3133.
13, 241
What are the prime factors of 8713?
8713
List the prime factors of 2083.
2083
What are the prime factors of 3208?
2, 401
What are the prime factors of 5477?
5477
List the prime factors of 35029.
23, 1523
List the prime factors of 8880.
2, 3, 5, 37
What are the prime factors of 20179?
17, 1187
List the prime factors of 9669.
3, 11, 293
What are the prime factors of 739?
739
List the prime factors of 57985.
5, 11597
What are the prime factors of 53074?
2, 7, 17, 223
What are the prime factors of 55277?
167, 331
List the prime factors of 177.
3, 59
What are the prime factors of 4006?
2, 2003
What are the prime factors of 1648?
2, 103
List the prime factors of 113.
113
What are the prime factors of 2896?
2, 181
What are the prime factors of 2083?
2083
What are the prime factors of 6579?
3, 17, 43
List the prime factors of 10158.
2, 3, 1693
What are the prime factors of 1664?
2, 13
What are the prime factors of 694?
2, 347
What are the prime factors of 3065?
5, 613
List the prime factors of 51721.
51721
What are the prime factors of 1382?
2, 691
What are the prime factors of 10984?
2, 1373
What are the prime factors of 58511?
58511
List the prime factors of 152296.
2, 19037
List the prime factors of 14945.
5, 7, 61
What are the prime factors of 4196?
2, 1049
List the prime factors of 35951.
35951
List the prime factors of 8082.
2, 3, 449
List the prime factors of 108268.
2, 27067
What are the prime factors of 114?
2, 3, 19
List the prime factors of 775.
5, 31
List the prime factors of 21588.
2, 3, 7, 257
What are the prime factors of 1071?
3, 7, 17
List the prime factors of 3879.
3, 431
What are the prime factors of 4871?
4871
List the prime factors of 1101.
3, 367
What are the prime factors of 404?
2, 101
What are the prime factors of 599?
599
List the prime factors of 49815.
3, 5, 41
What are the prime factors of 893?
19, 47
List the prime factors of 7362.
2, 3, 409
What are the prime factors of 20691?
3, 11, 19
List the prime factors of 16895.
5, 31, 109
What are the prime factors of 959?
7, 137
List the prime factors of 12233.
13, 941
List the prime factors of 2677.
2677
List the prime factors of 46496.
2, 1453
What are the prime factors of 31731?
3, 7, 1511
List the prime factors of 147414.
2, 3, 79, 311
List the prime factors of 638.
2, 11, 29
What are the prime factors of 5070?
2, 3, 5, 13
What are the prime factors of 462?
2, 3, 7, 11
List the prime factors of 27260.
2, 5, 29, 47
What are the prime factors of 166?
2, 83
What are the prime factors of 87635?
5, 17, 1031
List the prime factors of 5622.
2, 3, 937
What are the prime factors of 5875?
5, 47
List the prime factors of 1308.
2, 3, 109
What are the prime factors of 1047?
3, 349
What are the prime factors of 24765?
3, 5, 13, 127
What are the prime factors of 657?
3, 73
What are the prime factors of 121046?
2, 29, 2087
List the prime factors of 24692.
2, 6173
List the prime factors of 24274.
2, 53, 229
What are the prime factors of 1679?
23, 73
List the prime factors of 5329.
73
List the prime factors of 33091.
33091
What are the prime factors of 33139?
31, 1069
What are the prime factors of 11052?
2, 3, 307
What are the prime factors of 2716?
2, 7, 97
What are the prime factors of 431?
431
List the prime factors of 5819.
11, 23
What are the prime factors of 101422?
2, 17, 19, 157
What are the prime factors of 12503?
12503
List the prime factors of 200.
2, 5
List the prime factors of 15597.
3, 1733
What are the prime factors of 20936?
2, 2617
List the prime factors of 92563.
151, 613
What are the prime factors of 23434?
2, 11717
List the prime factors of 55552.
2, 7, 31
Wha